 the hundreds digit of 138487?
4
What is the tens digit of 9653?
5
What is the hundreds digit of 589?
5
What is the ten thousands digit of 27722?
2
What is the thousands digit of 9540?
9
What is the tens digit of 56146?
4
What is the tens digit of 5989?
8
What is the tens digit of 4290?
9
What is the tens digit of 23187?
8
What is the units digit of 961?
1
What is the tens digit of 6278?
7
What is the units digit of 71817?
7
What is the units digit of 6369?
9
What is the tens digit of 1671?
7
What is the hundreds digit of 4069?
0
What is the tens digit of 669?
6
What is the tens digit of 180879?
7
What is the hundreds digit of 23242?
2
What is the hundreds digit of 4444?
4
What is the units digit of 9131?
1
What is the hundreds digit of 1513?
5
What is the thousands digit of 7652?
7
What is the units digit of 49243?
3
What is the tens digit of 603?
0
What is the units digit of 26115?
5
What is the tens digit of 451?
5
What is the thousands digit of 1362?
1
What is the hundreds digit of 955?
9
What is the tens digit of 2827?
2
What is the thousands digit of 37752?
7
What is the thousands digit of 2392?
2
What is the units digit of 2081?
1
What is the thousands digit of 3921?
3
What is the hundreds digit of 831?
8
What is the hundreds digit of 614?
6
What is the thousands digit of 17780?
7
What is the hundred thousands digit of 108982?
1
What is the ten thousands digit of 37294?
3
What is the thousands digit of 3743?
3
What is the hundreds digit of 9812?
8
What is the hundreds digit of 7885?
8
What is the tens digit of 8781?
8
What is the hundreds digit of 1179?
1
What is the units digit of 630?
0
What is the units digit of 2995?
5
What is the tens digit of 19175?
7
What is the hundreds digit of 8620?
6
What is the units digit of 108746?
6
What is the hundreds digit of 126138?
1
What is the hundreds digit of 12669?
6
What is the hundreds digit of 433?
4
What is the thousands digit of 2435?
2
What is the tens digit of 2653?
5
What is the units digit of 2914?
4
What is the units digit of 9310?
0
What is the tens digit of 243?
4
What is the ten thousands digit of 26939?
2
What is the hundreds digit of 3628?
6
What is the thousands digit of 13049?
3
What is the tens digit of 18400?
0
What is the thousands digit of 1891?
1
What is the thousands digit of 23753?
3
What is the tens digit of 57885?
8
What is the hundred thousands digit of 188801?
1
What is the tens digit of 27511?
1
What is the units digit of 4111?
1
What is the tens digit of 67686?
8
What is the units digit of 46947?
7
What is the tens digit of 26774?
7
What is the thousands digit of 34681?
4
What is the tens digit of 11340?
4
What is the hundreds digit of 5459?
4
What is the units digit of 6515?
5
What is the units digit of 6695?
5
What is the units digit of 1824?
4
What is the thousands digit of 1936?
1
What is the units digit of 2363?
3
What is the units digit of 543?
3
What is the thousands digit of 16597?
6
What is the units digit of 796?
6
What is the thousands digit of 4357?
4
What is the tens digit of 663?
6
What is the units digit of 3221?
1
What is the thousands digit of 1200?
1
What is the tens digit of 32880?
8
What is the units digit of 786?
6
What is the units digit of 653?
3
What is the thousands digit of 1101?
1
What is the units digit of 349?
9
What is the thousands digit of 112905?
2
What is the hundreds digit of 32563?
5
What is the tens digit of 539?
3
What is the units digit of 35459?
9
What is the tens digit of 496?
9
What is the hundreds digit of 972?
9
What is the hundreds digit of 287?
2
What is the ten thousands digit of 60391?
6
What is the tens digit of 886?
8
What is the units digit of 44467?
7
What is the tens digit of 3770?
7
What is the thousands digit of 3133?
3
What is the hundreds digit of 572?
5
What is the ten thousands digit of 12786?
1
What is the thousands digit of 3529?
3
What is the thousands digit of 7265?
7
What is the thousands digit of 36318?
6
What is the tens digit of 92?
9
What is the tens digit of 3453?
5
What is the hundreds digit of 5595?
5
What is the thousands digit of 3786?
3
What is the thousands digit of 1194?
1
What is the thousands digit of 3258?
3
What is the ten thousands digit of 79013?
7
What is the units digit of 1815?
5
What is the tens digit of 41921?
2
What is the tens digit of 41290?
9
What is the units digit of 7958?
8
What is the units digit of 2580?
0
What is the tens digit of 5783?
8
What is the units digit of 2000?
0
What is the units digit of 4032?
2
What is the hundreds digit of 12618?
6
What is the hundreds digit of 2223?
2
What is the thousands digit of 3546?
3
What is the tens digit of 1178?
7
What is the units digit of 16636?
6
What is the hundreds digit of 782?
7
What is the units digit of 6598?
8
What is the tens digit of 19696?
9
What is the hundreds digit of 12975?
9
What is the hundreds digit of 50977?
9
What is the units digit of 874?
4
What is the tens digit of 10068?
6
What is the hundreds digit of 39758?
7
What is the thousands digit of 40362?
0
What is the thousands digit of 1792?
1
What is the hundreds digit of 89099?
0
What is the thousands digit of 13488?
3
What is the ten thousands digit of 15221?
1
What is the tens digit of 2591?
9
What is the tens digit of 56107?
0
What is the thousands digit of 23476?
3
What is the hundreds digit of 1050?
0
What is the thousands digit of 5160?
5
What is the thousands digit of 6880?
6
What is the hundreds digit of 9503?
5
What is the ten thousands digit of 13336?
1
What is the tens digit of 1469?
6
What is the thousands digit of 12623?
2
What is the hundreds digit of 31162?
1
What is the thousands digit of 13392?
3
What is the hundreds digit of 6868?
8
What is the tens digit of 6064?
6
What is the units digit of 65479?
9
What is the units digit of 3434?
4
What is the hundreds digit of 52595?
5
What is the units digit of 9906?
6
What is the ten thousands digit of 32805?
3
What is the units digit of 3513?
3
What is the thousands digit of 7870?
7
What is the tens digit of 1059?
5
What is the hundreds digit of 1485?
4
What is the hundreds digit of 227?
2
What is the tens digit of 8534?
3
What is the hundreds digit of 2993?
9
What is the tens digit of 1729?
2
What is the hundreds digit of 534?
5
What is the thousands digit of 2245?
2
What is the thousands digit of 10046?
0
What is the tens digit of 4754?
5
What is the units digit of 716?
6
What is the tens digit of 11007?
0
What is the thousands digit of 14199?
4
What is the tens digit of 13441?
4
What is the ten thousands digit of 15226?
1
What is the units digit of 60055?
5
What is the ten thousands digit of 19819?
1
What is the units digit of 49758?
8
What is the hundreds digit of 592?
5
What is the thousands digit of 10685?
0
What is the units digit of 942?
2
What is the hundred thousands digit of 175286?
1
What is the hundreds digit of 13975?
9
What is the units digit of 3135?
5
What is the units digit of 36801?
1
What is the units digit of 1199?
9
What is the hundreds digit of 645?
6
What is the thousands digit of 189155?
9
What is the hundreds digit of 2727?
7
What is the tens digit of 3381?
8
What is the units digit of 619?
9
What is the tens digit of 3214?
1
What is the tens digit of 463?
6
What is the thousands digit of 56899?
6
What is the hundreds digit of 2472?
4
What is the thousands digit of 1072?
1
What is the hundreds digit of 11070?
0
What is the ten thousands digit of 10480?
1
What is the thousands digit of 73086?
3
What is the hundred thousands digit of 143603?
1
What is the units digit of 52439?
9
What is the tens digit of 1486?
8
What is the hundreds digit of 54106?
1
What is the tens digit of 306?
0
What is the units digit of 47513?
3
What is the tens digit of 925?
2
What is the units digit of 43300?
0
What is the thousands digit of 23654?
3
What is the hundreds digit of 5080?
0
What is the hundreds digit of 183?
1
What is the hundreds digit of 30938?
9
What is the tens digit of 760?
6
What is the units digit of 116?
6
What is the ten thousands digit of 33315?
3
What is the hundreds digit of 16726?
7
What is the tens digit of 31224?
2
What is the ten thousands digit of 79061?
7
What is the thousands digit of 3081?
3
What is the tens digit of 95830?
3
What is the thousands digit of 2140?
